 = -3*r, 6*f - 6 = 5*f - 3*r. What is the remainder when 34 is divided by f?
10
Suppose -5*g = -56 - 164. Let r = -1 + g. Calculate the remainder when r is divided by 11.
10
Let g = 2 - -2. Let x be 1*2/(-2) + g. Suppose -x*n + 4*n = 14. What is the remainder when 41 is divided by n?
13
Let k = 94 + -20. Suppose y = 5*g - 90, g + 3*y = 7*y - 1. Calculate the remainder when k is divided by g.
17
Suppose -2*b = -b + 5. Suppose -61 = 2*z - 3*z + 5*d, 1 = -d. What is the remainder when z is divided by 23 + b/((-5)/(-4))?
18
Suppose 5*m - 65 - 110 = 0. What is the remainder when m is divided by 9?
8
Let o(c) = 4*c - 4. Let d(w) = 78*w**3 - w**2 + 2*w - 1. Calculate the remainder when d(1) is divided by o(6).
18
Suppose j - 5 = 9. What is the remainder when (-2 + 3)/(1*(-1)/(-55)) is divided by j?
13
Calculate the remainder when (-261)/6*(1 - 3) is divided by 30.
27
Let x = -2 - 1. Let l = x - -5. Suppose 0 = 4*r - c + l*c - 53, 4*r = 2*c + 38. What is the remainder when 45 is divided by r?
9
Let f = 8 + 6. Calculate the remainder when 38 is divided by f.
10
Let q = 113 - -148. Calculate the remainder when q is divided by 22.
19
What is the remainder when 2 is divided by 16/10 - 10/(-25)?
0
Let g be 2/5 - (-8)/5. Suppose -f = 3*c - 20, g*f + 14 = 5*c - 2*c. Calculate the remainder when 16 is divided by c.
4
Let g(l) = -l**3 + 10*l**2 + 2*l - 7. Suppose -4*j - j + 50 = 0. What is the remainder when g(j) is divided by 8?
5
Suppose -u - u = -p, -p - 12 = 4*u. Let g = -22 + 11. Let h = p - g. Calculate the remainder when 20 is divided by h.
6
Let b(r) = r + 10. Let p = -7 - 0. Calculate the remainder when 8 is divided by b(p).
2
Let d = 29 - 14. Let b(r) = -r**3 - 9*r**2 - 5*r - 11. Let x be b(-8). Let t = x - -79. What is the remainder when t is divided by d?
14
Let c = 1 + 7. Let q = c + -4. Suppose -2*n = 2*g - 28, -18 = -q*n + 3*n - 5*g. What is the remainder when 24 is divided by n?
11
Suppose -5*j + 17 + 13 = 0. Suppose -4*l = -l - j. Suppose 3 = y - 1. What is the remainder when y is divided by l?
0
Suppose -5*a = 4*j - 39 - 29, a - 4 = 0. What is the remainder when -1 - (-38 - -2) - 0 is divided by j?
11
Suppose m - 13 = -4*g, -2*m + 9*g + 26 = 6*g. What is the remainder when m is divided by 9?
4
Let j(g) = 2*g**2 - 2*g - 11. Calculate the remainder when j(-5) is divided by 17.
15
Let i(l) = 3*l - 1. Calculate the remainder when (0 - -1)/((-5)/(-160)) is divided by i(4).
10
Let x(w) = -22*w - 10. What is the remainder when 67 is divided by x(-2)?
33
Let i(a) = a**3 - 7*a**2 - 6*a + 8. Calculate the remainder when 93 is divided by i(8).
21
Suppose 2*y + 16 = 4*y. Suppose -q + 3*q = y. Suppose -5*p + 0*p = -30. Calculate the remainder when p is divided by q.
2
Suppose 2*l = -l + 84. Suppose -3*r + 8*r = -4*k + 65, -3*r = 2*k - 35. What is the remainder when l is divided by k?
8
Let h = 1 - -2. Suppose 5*y = -5*j + 30, 2*y + y = h*j - 42. Calculate the remainder when j is divided by 3.
1
Let m be -3*(-2 - -3) - -12. Calculate the remainder when 13 is divided by m/2 - 5/10.
1
Let v(m) = m**3 - 5*m**2 - 44*m + 6. What is the remainder when 261 is divided by v(10)?
63
Suppose -3*t - 9 = -6*t. Suppose 0 = t*m - 0*m. Suppose -n - 2*p + 54 = m, 0*n + 5*p = 3*n - 206. What is the remainder when n is divided by 21?
20
Suppose 5*x + 3*s - 125 = 0, -4*x = 6*s - 5*s - 100. Suppose -2*i = -n - 20, 0 = -3*n + n - 4. What is the remainder when x is divided by i?
7
Let a be 2/5 - (-28)/5. Suppose 2*c - 3*z - 2 - a = 0, 4*z = c + 1. Calculate the remainder when 27 is divided by c.
6
Let d(b) = -4*b - 11. Let h be d(-8). Suppose 2*n = -5*w + 54, 5*n - h = -2*w - w. Calculate the remainder when w is divided by 3.
0
Suppose -1 = -c - 12. Let u = c - -96. What is the remainder when u is divided by 22?
19
Let g(m) = -2*m**3 - 4*m**2 + m + 3. Let f be g(-3). Suppose 62 = 2*o + f. Calculate the remainder when o is divided by 12.
10
Let u = 41 + -7. Let h = 78 - u. What is the remainder when h is divided by 15?
14
Let s = 86 + -75. Calculate the remainder when 31 is divided by s.
9
Suppose 4*p - 2*h - 13 - 29 = 0, -3*h = 3. Calculate the remainder when 27 is divided by p.
7
Let n be (-4)/18 + (-87)/(-27). Let s(a) = a**3 - 2*a**2 - a - 2. Let j be s(n). Calculate the remainder when ((-53)/2)/(j/(-8)) is divided by 18.
17
Let y(u) = -u**3 + 7*u**2 + u + 4. Suppose p - 32 = -p. Suppose -3*k = k - p. Calculate the remainder when y(7) is divided by k.
3
Let z be (18/45)/((-1)/(-25)). What is the remainder when 7 is divided by (-6)/15*z/(-2)?
1
Let a = 11 - 11. Suppose a = -3*m - 3, -9 = -r - m + 5*m. What is the remainder when 17 is divided by r?
2
Let d(z) = z**3 + 4*z**2 - 8*z - 7. Calculate the remainder when d(-5) is divided by 6.
2
Let p(l) = l**2 + 4*l - 3. What is the remainder when 16 is divided by p(2)?
7
Let i be 5/3 - (-3)/9. Suppose 2*n + i*n = 280. Suppose -4*w + 78 = 6. Calculate the remainder when n is divided by w.
16
Let x = 87 - 59. Suppose -s = -5*s + x. Let g(y) = -y + 13. Calculate the remainder when g(0) is divided by s.
6
Suppose 2*j - 94 = -0*j. Let s = j - 19. Calculate the remainder when s is divided by 10.
8
What is the remainder when 13 is divided by 4 + (-1*(-6 - -4))/2?
3
Suppose 0 = 3*a + a - 68. Calculate the remainder when 7 is divided by (-3)/12 + a/4.
3
Let w(a) = -6*a. Let m be w(-1). Suppose -m*q = -q - 20. Let u(t) = 4*t + 5. What is the remainder when u(q) is divided by 11?
10
Let c = -18 + 48. Calculate the remainder when c is divided by 8.
6
Let z(g) = -g**2 - 10*g - 1. Suppose 16*j - 12*j + q = 59, -5*j + 85 = 5*q. What is the remainder when z(-5) is divided by j?
10
Let b be (-22)/18 - (-10)/45. Let s be 2/((b - -3)/4). Suppose 0 = p - 6*p + 3*l + 70, s*p - 56 = l. Calculate the remainder when 25 is divided by p.
11
Let g = -37 + 55. Let c = 23 + -12. What is the remainder when g is divided by c?
7
Let g = -3 - -9. What is the remainder when g/27*-3*-27 is divided by 10?
8
Let t = 21 + -14. Let x(r) = -r - 11. Let f be x(-10). Let a(g) = 14*g**2 + 2*g + 1. What is the remainder when a(f) is divided by t?
6
Let c = 48 - 21. What is the remainder when 79 is divided by c?
25
Let l(a) = -2*a - 6. Let r be l(-8). Suppose 5*k - r = 15. Let p(i) = -i**2 - 8*i - 6. What is the remainder when p(-5) is divided by k?
4
Let k(f) = f**2 - 2*f. What is the remainder when 15 is divided by k(4)?
7
Suppose 3*r = -0*r + 69. Let l(c) = -c**3 - 6*c**2 - 6*c + 3. Let f be ((-25)/20)/(2/8). What is the remainder when r is divided by l(f)?
7
Suppose 13 = -b + 2*b. Let p = 43 - 18. Calculate the remainder when p is divided by b.
12
What is the remainder when 3*5/(-15)*-43 is divided by 22?
21
Let p = -17 - -30. Calculate the remainder when 4/6*(-444)/(-8) is divided by p.
11
Let c = -12 - -18. Calculate the remainder when 21 is divided by c.
3
Suppose 2*d - 5*p = 58, -7 - 47 = -2*d + 3*p. Suppose 0*l + l = d. Calculate the remainder when l is divided by 13.
11
Suppose 16 = -2*b + 78. Let c = 2 + 9. What is the remainder when b is divided by c?
9
Suppose 8*y + 42 = 11*y. Suppose -3*j = -v - 3*v - 147, -j + 44 = -3*v. What is the remainder when j is divided by y?
11
Let b = 9 - 2. What is the remainder when 34 is divided by b?
6
What is the remainder when 35 is divided by (-8)/(-4)*(-18)/(-3)?
11
What is the remainder when (3/(-1))/(-4 + 275/70) is divided by 23?
19
Suppose -10 = 2*k - 4*k - 5*o, 8 = 2*o. Let a = -8 - k. Calculate the remainder when 9 is divided by (1 + a)/((-4)/10).
4
Suppose 6*r - 39 = 5*r. What is the remainder when r is divided by 8?
7
Let d(b) = -3*b + 1. Let c = 14 - 3. Suppose 2*m - 1 + c = 0. Calculate the remainder when d(m) is divided by 9.
7
What is the remainder when 15*(3 + 14/10) is divided by 17?
15
Let t = -195 - -355. What is the remainder when t is divided by 23?
22
Suppose t - 18 = -5*v, 2*t - 2*v - 3 = 9. Suppose 12 = 5*f - 3. Calculate the remainder when t is divided by f.
2
Calculate the remainder when ((-11)/(-22))/(2/20) is divided by 0 - -2*(-3)/(-3).
1
Calculate the remainder when 56 is divided by 1*-57*(-5)/15.
18
Let c = -7 + 29. What is the remainder when c is divided by (-22)/(-2) - (-2 - -1)?
10
Let l = 65 - 37. What is the remainder when l is divided by 6?
4
Let l be (-6)/(-8) - (-18)/8. Suppose -2*g + v +